{"id":14534,"date":"2022-08-23T10:08:04","date_gmt":"2022-08-23T08:08:04","guid":{"rendered":"https:\/\/mobilites-loire-authion.fr\/?page_id=14534"},"modified":"2022-08-23T10:26:14","modified_gmt":"2022-08-23T08:26:14","slug":"covoiturage-evenementiel","status":"publish","type":"page","link":"https:\/\/mobilites-loire-authion.fr\/index.php\/covoiturage-evenementiel\/","title":{"rendered":"Covoiturage \u00e9v\u00e9nementiel"},"content":{"rendered":"\t\t<div data-elementor-type=\"wp-page\" data-elementor-id=\"14534\" class=\"elementor elementor-14534\">\n\t\t\t\t\t\t\t\t\t<section class=\"elementor-section elementor-top-section elementor-element elementor-element-3883192 elementor-section-boxed elementor-section-height-default elementor-section-height-default\" data-id=\"3883192\" data-element_type=\"section\">\n\t\t\t\t\t\t<div class=\"elementor-container elementor-column-gap-default\">\n\t\t\t\t\t<div class=\"elementor-column elementor-col-100 elementor-top-column elementor-element elementor-element-ae31f9f\" data-id=\"ae31f9f\" data-element_type=\"column\">\n\t\t\t<div class=\"elementor-widget-wrap elementor-element-populated\">\n\t\t\t\t\t\t\t\t<div class=\"elementor-element elementor-element-cf05239 elementor-widget elementor-widget-spacer\" data-id=\"cf05239\" data-element_type=\"widget\" data-widget_type=\"spacer.default\">\n\t\t\t\t<div class=\"elementor-widget-container\">\n\t\t\t\t\t<div class=\"elementor-spacer\">\n\t\t\t<div class=\"elementor-spacer-inner\"><\/div>\n\t\t<\/div>\n\t\t\t\t<\/div>\n\t\t\t\t<\/div>\n\t\t\t\t<div class=\"elementor-element elementor-element-89405c0 elementor-widget elementor-widget-heading\" data-id=\"89405c0\" data-element_type=\"widget\" data-widget_type=\"heading.default\">\n\t\t\t\t<div class=\"elementor-widget-container\">\n\t\t\t<h2 class=\"elementor-heading-title elementor-size-xl\">Covoiturage \u00e9v\u00e9nementiel \u00e0 Loire-Authion<\/h2>\t\t<\/div>\n\t\t\t\t<\/div>\n\t\t\t\t<div class=\"elementor-element elementor-element-5cac611 elementor-widget elementor-widget-spacer\" data-id=\"5cac611\" data-element_type=\"widget\" data-widget_type=\"spacer.default\">\n\t\t\t\t<div class=\"elementor-widget-container\">\n\t\t\t\t\t<div class=\"elementor-spacer\">\n\t\t\t<div class=\"elementor-spacer-inner\"><\/div>\n\t\t<\/div>\n\t\t\t\t<\/div>\n\t\t\t\t<\/div>\n\t\t\t\t\t<\/div>\n\t\t<\/div>\n\t\t\t\t\t\t\t<\/div>\n\t\t<\/section>\n\t\t\t\t<section class=\"elementor-section elementor-top-section elementor-element elementor-element-be7334e elementor-section-boxed elementor-section-height-default elementor-section-height-default\" data-id=\"be7334e\" data-element_type=\"section\">\n\t\t\t\t\t\t<div class=\"elementor-container elementor-column-gap-default\">\n\t\t\t\t\t<div class=\"elementor-column elementor-col-50 elementor-top-column elementor-element elementor-element-ce50b21\" data-id=\"ce50b21\" data-element_type=\"column\">\n\t\t\t<div class=\"elementor-widget-wrap elementor-element-populated\">\n\t\t\t\t\t\t\t\t<div class=\"elementor-element elementor-element-cf03b22 elementor-widget elementor-widget-text-editor\" data-id=\"cf03b22\" data-element_type=\"widget\" data-widget_type=\"text-editor.default\">\n\t\t\t\t<div class=\"elementor-widget-container\">\n\t\t\t\t\t\t\t<p>Loire-Authion exp\u00e9rimente le covoiturage \u00e9v\u00e9nementiel, dont l\u2019id\u00e9e est n\u00e9e lors des Rencontres de la mobilit\u00e9.<\/p><p>Sur <a class=\"link-external\" href=\"http:\/\/mobicoop.fr\/covoiturages-evenements\" target=\"_blank\" rel=\"noopener\">mobicoop.fr\/covoiturages-evenements<\/a>, il suffit de rechercher l\u2019\u00e9v\u00e9nement organis\u00e9 par la commune et de s\u2019inscrire en conducteur ou passager.<\/p><p>L\u2019utilisation de ce service est gratuite pour conducteurs et passagers, mais n\u00e9cessite de cr\u00e9er un compte de connexion. Au besoin, la commune peut vous accompagner sur la prise en main du site.<\/p>\t\t\t\t\t\t<\/div>\n\t\t\t\t<\/div>\n\t\t\t\t\t<\/div>\n\t\t<\/div>\n\t\t\t\t<div class=\"elementor-column elementor-col-50 elementor-top-column elementor-element elementor-element-956dad7\" data-id=\"956dad7\" data-element_type=\"column\">\n\t\t\t<div class=\"elementor-widget-wrap elementor-element-populated\">\n\t\t\t\t\t\t\t\t<div class=\"elementor-element elementor-element-66293c1 elementor-widget elementor-widget-image\" data-id=\"66293c1\" data-element_type=\"widget\" data-widget_type=\"image.default\">\n\t\t\t\t<div class=\"elementor-widget-container\">\n\t\t\t\t\t\t\t\t\t\t\t\t\t\t\t<img src=\"https:\/\/mobilites-loire-authion.fr\/wp-content\/uploads\/elementor\/thumbs\/Voiture-ptoftj53xufs65dd2b74cho0epu4ji2vji98ra9zia.jpg\" title=\"Voiture\" alt=\"Voiture\" \/>\t\t\t\t\t\t\t\t\t\t\t\t\t\t\t<\/div>\n\t\t\t\t<\/div>\n\t\t\t\t\t<\/div>\n\t\t<\/div>\n\t\t\t\t\t\t\t<\/div>\n\t\t<\/section>\n\t\t\t\t<section class=\"elementor-section elementor-top-section elementor-element elementor-element-fb376c7 elementor-section-boxed elementor-section-height-default elementor-section-height-default\" data-id=\"fb376c7\" data-element_type=\"section\">\n\t\t\t\t\t\t<div class=\"elementor-container elementor-column-gap-default\">\n\t\t\t\t\t<div class=\"elementor-column elementor-col-100 elementor-top-column elementor-element elementor-element-1fca232\" data-id=\"1fca232\" data-element_type=\"column\">\n\t\t\t<div class=\"elementor-widget-wrap elementor-element-populated\">\n\t\t\t\t\t\t\t\t<div class=\"elementor-element elementor-element-69a257c elementor-widget elementor-widget-text-editor\" data-id=\"69a257c\" data-element_type=\"widget\" data-widget_type=\"text-editor.default\">\n\t\t\t\t<div class=\"elementor-widget-container\">\n\t\t\t\t\t\t\t<p>Vous \u00eates une association ? Pensez \u00e0 cr\u00e9er une fiche sur Mobicoop pour vos \u00e9v\u00e8nements et \u00e0 communiquer sur la plateforme \u00e0 vos adh\u00e9rents.<\/p><p>L\u2019utilisation de ce service est \u00e9galement gratuite pour les organisateurs.<\/p>\t\t\t\t\t\t<\/div>\n\t\t\t\t<\/div>\n\t\t\t\t\t<\/div>\n\t\t<\/div>\n\t\t\t\t\t\t\t<\/div>\n\t\t<\/section>\n\t\t\t\t\t\t\t<\/div>\n\t\t","protected":false},"excerpt":{"rendered":"<p>Covoiturage \u00e9v\u00e9nementiel \u00e0 Loire-Authion Loire-Authion exp\u00e9rimente le covoiturage \u00e9v\u00e9nementiel, dont l\u2019id\u00e9e est n\u00e9e lors des Rencontres de la mobilit\u00e9. Sur mobicoop.fr\/covoiturages-evenements, il suffit de rechercher l\u2019\u00e9v\u00e9nement organis\u00e9 par la commune et de s\u2019inscrire en conducteur ou passager. L\u2019utilisation de ce service est gratuite pour conducteurs et passagers, mais n\u00e9cessite de cr\u00e9er un compte de connexion. Au besoin, la commune peut vous accompagner sur la prise en main du site. Vous \u00eates une association ? Pensez \u00e0 cr\u00e9er une fiche sur Mobicoop pour vos \u00e9v\u00e8nements et \u00e0 communiquer sur la plateforme \u00e0 vos adh\u00e9rents. L\u2019utilisation de ce service est \u00e9galement gratuite pour les organisateurs.<\/p>\n","protected":false},"author":2,"featured_media":0,"parent":0,"menu_order":0,"comment_status":"closed","ping_status":"closed","template":"","meta":[],"_links":{"self":[{"href":"https:\/\/mobilites-loire-authion.fr\/index.php\/wp-json\/wp\/v2\/pages\/14534"}],"collection":[{"href":"https:\/\/mobilites-loire-authion.fr\/index.php\/wp-json\/wp\/v2\/pages"}],"about":[{"href":"https:\/\/mobilites-loire-authion.fr\/index.php\/wp-json\/wp\/v2\/types\/page"}],"author":[{"embeddable":true,"href":"https:\/\/mobilites-loire-authion.fr\/index.php\/wp-json\/wp\/v2\/users\/2"}],"replies":[{"embeddable":true,"href":"https:\/\/mobilites-loire-authion.fr\/index.php\/wp-json\/wp\/v2\/comments?post=14534"}],"version-history":[{"count":6,"href":"https:\/\/mobilites-loire-authion.fr\/index.php\/wp-json\/wp\/v2\/pages\/14534\/revisions"}],"predecessor-version":[{"id":14545,"href":"https:\/\/mobilites-loire-authion.fr\/index.php\/wp-json\/wp\/v2\/pages\/14534\/revisions\/14545"}],"wp:attachment":[{"href":"https:\/\/mobilites-loire-authion.fr\/index.php\/wp-json\/wp\/v2\/media?parent=14534"}],"curies":[{"name":"wp","href":"https:\/\/api.w.org\/{rel}","templated":true}]}}